{"id":2,"date":"2022-11-22T09:20:27","date_gmt":"2022-11-22T09:20:27","guid":{"rendered":"http:\/\/harrera.org\/?page_id=2"},"modified":"2026-02-10T10:48:44","modified_gmt":"2026-02-10T10:48:44","slug":"quienes-somos","status":"publish","type":"page","link":"https:\/\/harrera.org\/index.php\/quienes-somos\/","title":{"rendered":"Nor gara \/ Quienes somos"},"content":{"rendered":"\t\t<div data-elementor-type=\"wp-page\" data-elementor-id=\"2\" class=\"elementor elementor-2\">\n\t\t\t\t\t\t<section class=\"elementor-section elementor-top-section elementor-element elementor-element-d2ef0a5 elementor-section-boxed elementor-section-height-default elementor-section-height-default\" data-id=\"d2ef0a5\" data-element_type=\"section\" data-e-type=\"section\">\n\t\t\t\t\t\t<div class=\"elementor-container elementor-column-gap-default\">\n\t\t\t\t\t<div class=\"elementor-column elementor-col-100 elementor-top-column elementor-element elementor-element-697b418\" data-id=\"697b418\" data-element_type=\"column\" data-e-type=\"column\">\n\t\t\t<div class=\"elementor-widget-wrap elementor-element-populated\">\n\t\t\t\t\t\t<div class=\"elementor-element elementor-element-d151365 elementor-widget elementor-widget-text-editor\" data-id=\"d151365\" data-element_type=\"widget\" data-e-type=\"widget\" data-widget_type=\"text-editor.default\">\n\t\t\t\t<div class=\"elementor-widget-container\">\n\t\t\t\t\t\t\t\t\t<p>Geroz eta gehiago dira gurera iristen diren gazte migratzaileak. Gure lurraldera iristen dira laguntza-sare propiorik gabe, eta kasu askotan, ez dute gizarte-baliabideak eskuratzeko aukerarik, ezta kale-egoeran egonda ere. Haien errealitatearen atzean dagoen guztia ezagutzen ez dugun arren, ikusten ari gara auzokide askoren aldetik gero eta mesfidantza handiagoa jasaten dutela, delituak egitea leporatzen zaiela eta diskriminazio ugariren biktima direla.<\/p><p>Motxilan gauza asko dakartzaten gazteak dira, eta aurrera egiteko aukera handiak dituzte. Harrigarria da duten erresilientzia eta etorkizunarekiko fedea. Prestakuntza aukerak aprobetxatzen dituzte, izan ere, argi dute lan baten bilaketa eta beharra.<br \/>Familiekin ere kontaktua mantentzen saiatzen dira gehienak, urrunekoa bada ere. Ez diegu bizkarra eman behar, eskua luzatu eta beste edozein gazte bezala tratatu baizik.<\/p><p><strong>Hiritarron Harrera Sarea,<\/strong>\u00a0duela zazpi urte sortua, gazte horiek harrera duina izan dezaten inplikatzen diren dozenaka boluntariok osatzen dute. Harrera hori gazte horiek entzuten, babesten, burokrazia administratiboan gidatuko dituzten bidelagun izaten burutzen da, diskriminazioen aurrean beren eskubideak aldarrika ditzaten.<\/p><p>Horrekin batera, oinarrizko beharrizanak asetzen laguntzen saiatzen da Harrera Sarea, hala nola elikagaiak, arropa eta berokia, mantak, lo-zakuak banatuz. Halaber, are babes handiagoa ematen zaie hori guztia galtzen dutenean, batzuetan poliziaren eskutik, aterpea lortu duten tokitik egozten dituztenean, edota garbiketa-zerbitzuen eskutik, kalean bizitzeko topatzen dituzten txokoetatik ere botatzen dituztenean.<\/p><p>Aholkularitzan eta laguntzan ere inplikatzen gara, Gizarte Zerbitzuekin duten harremana sendotzeko, erroldatzeko, logela bat alokatzeko aukera emango dieten laguntzak lortzeko, alokatzeari uko egiten dioten jabeen arrazakeria saihesteko, enbaxadetan eta kontsulatuetan dokumentazioa lortzeko, kudeaketa horietarako beharrezkoak diren bidaia-txartelak erosteko, gure gizartean moldatzeko aukera emango dieten gaztelania eta euskarazko eskolak emateko&#8230; hainbat gauzatarako.<\/p><p>Lan hori boluntarioen dedikazio nekaezinean oinarritzen da, eta baliabide ekonomikoak eta boluntariotza behar ditu behar horietako askori erantzuteko. Horregatik, laguntzera edo parte hartzera animatzen zaituztegu.<\/p>\t\t\t\t\t\t\t\t<\/div>\n\t\t\t\t<\/div>\n\t\t\t\t\t<\/div>\n\t\t<\/div>\n\t\t\t\t\t<\/div>\n\t\t<\/section>\n\t\t\t\t<section class=\"elementor-section elementor-top-section elementor-element elementor-element-495d0b4 elementor-section-boxed elementor-section-height-default elementor-section-height-default\" data-id=\"495d0b4\" data-element_type=\"section\" data-e-type=\"section\">\n\t\t\t\t\t\t<div class=\"elementor-container elementor-column-gap-default\">\n\t\t\t\t\t<div class=\"elementor-column elementor-col-100 elementor-top-column elementor-element elementor-element-4289a8a\" data-id=\"4289a8a\" data-element_type=\"column\" data-e-type=\"column\">\n\t\t\t<div class=\"elementor-widget-wrap elementor-element-populated\">\n\t\t\t\t\t\t<div class=\"elementor-element elementor-element-2599cea elementor-widget-divider--view-line elementor-widget elementor-widget-divider\" data-id=\"2599cea\" data-element_type=\"widget\" data-e-type=\"widget\" data-widget_type=\"divider.default\">\n\t\t\t\t<div class=\"elementor-widget-container\">\n\t\t\t\t\t\t\t<div class=\"elementor-divider\">\n\t\t\t<span class=\"elementor-divider-separator\">\n\t\t\t\t\t\t<\/span>\n\t\t<\/div>\n\t\t\t\t\t\t<\/div>\n\t\t\t\t<\/div>\n\t\t\t\t\t<\/div>\n\t\t<\/div>\n\t\t\t\t\t<\/div>\n\t\t<\/section>\n\t\t\t\t<section class=\"elementor-section elementor-top-section elementor-element elementor-element-dd97348 elementor-section-boxed elementor-section-height-default elementor-section-height-default\" data-id=\"dd97348\" data-element_type=\"section\" data-e-type=\"section\">\n\t\t\t\t\t\t<div class=\"elementor-container elementor-column-gap-default\">\n\t\t\t\t\t<div class=\"elementor-column elementor-col-100 elementor-top-column elementor-element elementor-element-3164228\" data-id=\"3164228\" data-element_type=\"column\" data-e-type=\"column\">\n\t\t\t<div class=\"elementor-widget-wrap elementor-element-populated\">\n\t\t\t\t\t\t<div class=\"elementor-element elementor-element-2f5321d elementor-widget elementor-widget-text-editor\" data-id=\"2f5321d\" data-element_type=\"widget\" data-e-type=\"widget\" data-widget_type=\"text-editor.default\">\n\t\t\t\t<div class=\"elementor-widget-container\">\n\t\t\t\t\t\t\t\t\t<p>Hace ya unos a\u00f1os que vemos en nuestros barrios un n\u00famero creciente de j\u00f3venes migrantes llegados a nuestra tierra, sin red propia de apoyo, en no pocos casos sin acceso a recursos sociales, incluso, en situaci\u00f3n de calle, de los que desconocemos casi todo, pero que soportan una mirada de creciente desconfianza por parte de muchos vecinos y vecinas, se ven acusados de la realizaci\u00f3n de delitos y son v\u00edctimas de numerosas discriminaciones.<\/p><p>Son j\u00f3venes, que tienen grandes posibilidades de salir adelante. Que traen muchas cosas en su mochila. Que es incre\u00edble su resiliencia, su fe en el futuro, a pesar de todo. Que aprovechan las posibilidades de formaci\u00f3n. Que tienen clara la b\u00fasqueda y necesidad de un trabajo. Que mantienen un contacto, aunque remoto, con sus familias\u2026 S\u00f3lo hace falta que no les demos la espalda, que les tendamos la mano, que les tratemos como iguales.<\/p><p><strong>La Red Ciudadana de Acogida<\/strong>, creada hace ya siete a\u00f1os, la conforman varias decenas de personas voluntarias que se involucran en que tengan una acogida digna. Una acogida que pasa por el acompa\u00f1amiento, la escucha, ofrecerles brazos amigos que les miren y traten como a iguales, que les gu\u00eden en el laberinto de la burocracia administrativa, que reivindiquen sus derechos frente a las discriminaciones.<\/p><p>Junto a ello, trata de ayudarles a cubrir necesidades b\u00e1sicas, con una distribuci\u00f3n de alimentos, ropa de vestir y de abrigo, mantas, sacos de dormir\u2026 m\u00e1xime cuando pierden todo ello, en ocasiones a manos de la polic\u00eda que les desaloja de donde han conseguido un techo o de los servicios de limpieza cuando acceden a los nichos que se procuran en la calle.<\/p><p>Nos implicamos tambi\u00e9n en el asesoramiento y acompa\u00f1amiento para reforzar su relaci\u00f3n con los Servicios Sociales, para empadronarse, para conseguir ayudas que les posibilite alquilar una habitaci\u00f3n, para sortear el racismo de propietarios que se niegan a alquilarles, para conseguir su documentaci\u00f3n en embajadas y consulados, para comprarles billetes de viaje necesarios para esas gestiones, para impartir clases de castellano y euskera que les permita desenvolverse en nuestra sociedad, para\u2026 para tantas cosas.<\/p><p>Esta labor, que descansa en la incansable dedicaci\u00f3n del voluntariado, necesita recursos econ\u00f3micos y voluntariado para atender buena parte de esas necesidades. Es por ello que os animamos a colaborar o participar.<\/p>\t\t\t\t\t\t\t\t<\/div>\n\t\t\t\t<\/div>\n\t\t\t\t\t<\/div>\n\t\t<\/div>\n\t\t\t\t\t<\/div>\n\t\t<\/section>\n\t\t\t\t<section class=\"elementor-section elementor-top-section elementor-element elementor-element-ba788b8 elementor-section-boxed elementor-section-height-default elementor-section-height-default\" data-id=\"ba788b8\" data-element_type=\"section\" data-e-type=\"section\">\n\t\t\t\t\t\t<div class=\"elementor-container elementor-column-gap-default\">\n\t\t\t\t\t<div class=\"elementor-column elementor-col-100 elementor-top-column elementor-element elementor-element-87909a4\" data-id=\"87909a4\" data-element_type=\"column\" data-e-type=\"column\">\n\t\t\t<div class=\"elementor-widget-wrap elementor-element-populated\">\n\t\t\t\t\t\t<div class=\"elementor-element elementor-element-7fb928a elementor-widget__width-initial elementor-widget elementor-widget-image\" data-id=\"7fb928a\" data-element_type=\"widget\" data-e-type=\"widget\" data-widget_type=\"image.default\">\n\t\t\t\t<div class=\"elementor-widget-container\">\n\t\t\t\t\t\t\t\t\t\t\t\t\t\t\t<img fetchpriority=\"high\" decoding=\"async\" width=\"1536\" height=\"1152\" src=\"https:\/\/harrera.org\/wp-content\/uploads\/2026\/02\/PHOTO-2025-11-28-12-49-49-1536x1152.jpg\" class=\"attachment-1536x1536 size-1536x1536 wp-image-384\" alt=\"\" srcset=\"https:\/\/harrera.org\/wp-content\/uploads\/2026\/02\/PHOTO-2025-11-28-12-49-49-1536x1152.jpg 1536w, https:\/\/harrera.org\/wp-content\/uploads\/2026\/02\/PHOTO-2025-11-28-12-49-49-300x225.jpg 300w, https:\/\/harrera.org\/wp-content\/uploads\/2026\/02\/PHOTO-2025-11-28-12-49-49-1024x768.jpg 1024w, https:\/\/harrera.org\/wp-content\/uploads\/2026\/02\/PHOTO-2025-11-28-12-49-49-768x576.jpg 768w, https:\/\/harrera.org\/wp-content\/uploads\/2026\/02\/PHOTO-2025-11-28-12-49-49-750x563.jpg 750w, https:\/\/harrera.org\/wp-content\/uploads\/2026\/02\/PHOTO-2025-11-28-12-49-49-1140x855.jpg 1140w, https:\/\/harrera.org\/wp-content\/uploads\/2026\/02\/PHOTO-2025-11-28-12-49-49.jpg 1600w\" sizes=\"(max-width: 1536px) 100vw, 1536px\" \/>\t\t\t\t\t\t\t\t\t\t\t\t\t\t\t<\/div>\n\t\t\t\t<\/div>\n\t\t\t\t\t<\/div>\n\t\t<\/div>\n\t\t\t\t\t<\/div>\n\t\t<\/section>\n\t\t\t\t<\/div>\n\t\t","protected":false},"excerpt":{"rendered":"<p>Geroz eta gehiago dira gurera iristen diren gazte migratzaileak. Gure lurraldera iristen dira laguntza-sare propiorik gabe, eta kasu askotan, ez dute gizarte-baliabideak eskuratzeko aukerarik, ezta kale-egoeran egonda ere. Haien errealitatearen atzean dagoen guztia ezagutzen ez dugun arren, ikusten ari gara auzokide askoren aldetik gero eta mesfidantza handiagoa jasaten dutela, delituak egitea leporatzen zaiela eta diskriminazio [&hellip;]<\/p>\n","protected":false},"author":1,"featured_media":0,"parent":0,"menu_order":0,"comment_status":"closed","ping_status":"closed","template":"","meta":{"jnews_page_loop":[],"jnews_single_page":[],"jnews_social_meta":[],"footnotes":""},"class_list":["post-2","page","type-page","status-publish","hentry"],"_links":{"self":[{"href":"https:\/\/harrera.org\/index.php\/wp-json\/wp\/v2\/pages\/2","targetHints":{"allow":["GET"]}}],"collection":[{"href":"https:\/\/harrera.org\/index.php\/wp-json\/wp\/v2\/pages"}],"about":[{"href":"https:\/\/harrera.org\/index.php\/wp-json\/wp\/v2\/types\/page"}],"author":[{"embeddable":true,"href":"https:\/\/harrera.org\/index.php\/wp-json\/wp\/v2\/users\/1"}],"replies":[{"embeddable":true,"href":"https:\/\/harrera.org\/index.php\/wp-json\/wp\/v2\/comments?post=2"}],"version-history":[{"count":104,"href":"https:\/\/harrera.org\/index.php\/wp-json\/wp\/v2\/pages\/2\/revisions"}],"predecessor-version":[{"id":387,"href":"https:\/\/harrera.org\/index.php\/wp-json\/wp\/v2\/pages\/2\/revisions\/387"}],"wp:attachment":[{"href":"https:\/\/harrera.org\/index.php\/wp-json\/wp\/v2\/media?parent=2"}],"curies":[{"name":"wp","href":"https:\/\/api.w.org\/{rel}","templated":true}]}}

<div data-elementor-type="wp-page" data-elementor-id="2" class="elementor elementor-2">
						<section class="elementor-section elementor-top-section elementor-element elementor-element-d2ef0a5 elementor-section-boxed elementor-section-height-default elementor-section-height-default" data-id="d2ef0a5" data-element_type="section" data-e-type="section">
						<div class="elementor-container elementor-column-gap-default">
					<div class="elementor-column elementor-col-100 elementor-top-column elementor-element elementor-element-697b418" data-id="697b418" data-element_type="column" data-e-type="column">
			<div class="elementor-widget-wrap elementor-element-populated">
						<div class="elementor-element elementor-element-d151365 elementor-widget elementor-widget-text-editor" data-id="d151365" data-element_type="widget" data-e-type="widget" data-widget_type="text-editor.default">
				<div class="elementor-widget-container">
									<p>Geroz eta gehiago dira gurera iristen diren gazte migratzaileak. Gure lurraldera iristen dira laguntza-sare propiorik gabe, eta kasu askotan, ez dute gizarte-baliabideak eskuratzeko aukerarik, ezta kale-egoeran egonda ere. Haien errealitatearen atzean dagoen guztia ezagutzen ez dugun arren, ikusten ari gara auzokide askoren aldetik gero eta mesfidantza handiagoa jasaten dutela, delituak egitea leporatzen zaiela eta diskriminazio ugariren biktima direla.</p><p>Motxilan gauza asko dakartzaten gazteak dira, eta aurrera egiteko aukera handiak dituzte. Harrigarria da duten erresilientzia eta etorkizunarekiko fedea. Prestakuntza aukerak aprobetxatzen dituzte, izan ere, argi dute lan baten bilaketa eta beharra.<br />Familiekin ere kontaktua mantentzen saiatzen dira gehienak, urrunekoa bada ere. Ez diegu bizkarra eman behar, eskua luzatu eta beste edozein gazte bezala tratatu baizik.</p><p><strong>Hiritarron Harrera Sarea,</strong> duela zazpi urte sortua, gazte horiek harrera duina izan dezaten inplikatzen diren dozenaka boluntariok osatzen dute. Harrera hori gazte horiek entzuten, babesten, burokrazia administratiboan gidatuko dituzten bidelagun izaten burutzen da, diskriminazioen aurrean beren eskubideak aldarrika ditzaten.</p><p>Horrekin batera, oinarrizko beharrizanak asetzen laguntzen saiatzen da Harrera Sarea, hala nola elikagaiak, arropa eta berokia, mantak, lo-zakuak banatuz. Halaber, are babes handiagoa ematen zaie hori guztia galtzen dutenean, batzuetan poliziaren eskutik, aterpea lortu duten tokitik egozten dituztenean, edota garbiketa-zerbitzuen eskutik, kalean bizitzeko topatzen dituzten txokoetatik ere botatzen dituztenean.</p><p>Aholkularitzan eta laguntzan ere inplikatzen gara, Gizarte Zerbitzuekin duten harremana sendotzeko, erroldatzeko, logela bat alokatzeko aukera emango dieten laguntzak lortzeko, alokatzeari uko egiten dioten jabeen arrazakeria saihesteko, enbaxadetan eta kontsulatuetan dokumentazioa lortzeko, kudeaketa horietarako beharrezkoak diren bidaia-txartelak erosteko, gure gizartean moldatzeko aukera emango dieten gaztelania eta euskarazko eskolak emateko&#8230; hainbat gauzatarako.</p><p>Lan hori boluntarioen dedikazio nekaezinean oinarritzen da, eta baliabide ekonomikoak eta boluntariotza behar ditu behar horietako askori erantzuteko. Horregatik, laguntzera edo parte hartzera animatzen zaituztegu.</p>								</div>
				</div>
					</div>
		</div>
					</div>
		</section>
				<section class="elementor-section elementor-top-section elementor-element elementor-element-495d0b4 elementor-section-boxed elementor-section-height-default elementor-section-height-default" data-id="495d0b4" data-element_type="section" data-e-type="section">
						<div class="elementor-container elementor-column-gap-default">
					<div class="elementor-column elementor-col-100 elementor-top-column elementor-element elementor-element-4289a8a" data-id="4289a8a" data-element_type="column" data-e-type="column">
			<div class="elementor-widget-wrap elementor-element-populated">
						<div class="elementor-element elementor-element-2599cea elementor-widget-divider--view-line elementor-widget elementor-widget-divider" data-id="2599cea" data-element_type="widget" data-e-type="widget" data-widget_type="divider.default">
				<div class="elementor-widget-container">
							<div class="elementor-divider">
			<span class="elementor-divider-separator">
						</span>
		</div>
						</div>
				</div>
					</div>
		</div>
					</div>
		</section>
				<section class="elementor-section elementor-top-section elementor-element elementor-element-dd97348 elementor-section-boxed elementor-section-height-default elementor-section-height-default" data-id="dd97348" data-element_type="section" data-e-type="section">
						<div class="elementor-container elementor-column-gap-default">
					<div class="elementor-column elementor-col-100 elementor-top-column elementor-element elementor-element-3164228" data-id="3164228" data-element_type="column" data-e-type="column">
			<div class="elementor-widget-wrap elementor-element-populated">
						<div class="elementor-element elementor-element-2f5321d elementor-widget elementor-widget-text-editor" data-id="2f5321d" data-element_type="widget" data-e-type="widget" data-widget_type="text-editor.default">
				<div class="elementor-widget-container">
									<p>Hace ya unos años que vemos en nuestros barrios un número creciente de jóvenes migrantes llegados a nuestra tierra, sin red propia de apoyo, en no pocos casos sin acceso a recursos sociales, incluso, en situación de calle, de los que desconocemos casi todo, pero que soportan una mirada de creciente desconfianza por parte de muchos vecinos y vecinas, se ven acusados de la realización de delitos y son víctimas de numerosas discriminaciones.</p><p>Son jóvenes, que tienen grandes posibilidades de salir adelante. Que traen muchas cosas en su mochila. Que es increíble su resiliencia, su fe en el futuro, a pesar de todo. Que aprovechan las posibilidades de formación. Que tienen clara la búsqueda y necesidad de un trabajo. Que mantienen un contacto, aunque remoto, con sus familias… Sólo hace falta que no les demos la espalda, que les tendamos la mano, que les tratemos como iguales.</p><p><strong>La Red Ciudadana de Acogida</strong>, creada hace ya siete años, la conforman varias decenas de personas voluntarias que se involucran en que tengan una acogida digna. Una acogida que pasa por el acompañamiento, la escucha, ofrecerles brazos amigos que les miren y traten como a iguales, que les guíen en el laberinto de la burocracia administrativa, que reivindiquen sus derechos frente a las discriminaciones.</p><p>Junto a ello, trata de ayudarles a cubrir necesidades básicas, con una distribución de alimentos, ropa de vestir y de abrigo, mantas, sacos de dormir… máxime cuando pierden todo ello, en ocasiones a manos de la policía que les desaloja de donde han conseguido un techo o de los servicios de limpieza cuando acceden a los nichos que se procuran en la calle.</p><p>Nos implicamos también en el asesoramiento y acompañamiento para reforzar su relación con los Servicios Sociales, para empadronarse, para conseguir ayudas que les posibilite alquilar una habitación, para sortear el racismo de propietarios que se niegan a alquilarles, para conseguir su documentación en embajadas y consulados, para comprarles billetes de viaje necesarios para esas gestiones, para impartir clases de castellano y euskera que les permita desenvolverse en nuestra sociedad, para… para tantas cosas.</p><p>Esta labor, que descansa en la incansable dedicación del voluntariado, necesita recursos económicos y voluntariado para atender buena parte de esas necesidades. Es por ello que os animamos a colaborar o participar.</p>								</div>
				</div>
					</div>
		</div>
					</div>
		</section>
				<section class="elementor-section elementor-top-section elementor-element elementor-element-ba788b8 elementor-section-boxed elementor-section-height-default elementor-section-height-default" data-id="ba788b8" data-element_type="section" data-e-type="section">
						<div class="elementor-container elementor-column-gap-default">
					<div class="elementor-column elementor-col-100 elementor-top-column elementor-element elementor-element-87909a4" data-id="87909a4" data-element_type="column" data-e-type="column">
			<div class="elementor-widget-wrap elementor-element-populated">
						<div class="elementor-element elementor-element-7fb928a elementor-widget__width-initial elementor-widget elementor-widget-image" data-id="7fb928a" data-element_type="widget" data-e-type="widget" data-widget_type="image.default">
				<div class="elementor-widget-container">
															<img fetchpriority="high" decoding="async" width="1536" height="1152" src="https://harrera.org/wp-content/uploads/2026/02/PHOTO-2025-11-28-12-49-49-1536x1152.jpg" class="attachment-1536x1536 size-1536x1536 wp-image-384" alt="" srcset="https://harrera.org/wp-content/uploads/2026/02/PHOTO-2025-11-28-12-49-49-1536x1152.jpg 1536w, https://harrera.org/wp-content/uploads/2026/02/PHOTO-2025-11-28-12-49-49-300x225.jpg 300w, https://harrera.org/wp-content/uploads/2026/02/PHOTO-2025-11-28-12-49-49-1024x768.jpg 1024w, https://harrera.org/wp-content/uploads/2026/02/PHOTO-2025-11-28-12-49-49-768x576.jpg 768w, https://harrera.org/wp-content/uploads/2026/02/PHOTO-2025-11-28-12-49-49-750x563.jpg 750w, https://harrera.org/wp-content/uploads/2026/02/PHOTO-2025-11-28-12-49-49-1140x855.jpg 1140w, https://harrera.org/wp-content/uploads/2026/02/PHOTO-2025-11-28-12-49-49.jpg 1600w" sizes="(max-width: 1536px) 100vw, 1536px" />															</div>
				</div>
					</div>
		</div>
					</div>
		</section>
				</div>
